 - -2) - 3. Suppose 5*b - 1938 - 1057 = h. What is the tens digit of b?
9
Let x = 92 - 83. Suppose -295 + 34 = -x*c. Suppose 31*m = c*m + 344. What is the hundreds digit of m?
1
Let x = 667 + -996. Let l = -142 - x. What is the hundreds digit of l?
1
Let m = 55273 - 1753. What is the thousands digit of m?
3
Let a(o) = 41*o + 34*o - 172 + 48*o + 31*o - 35*o. What is the tens digit of a(6)?
4
Let j = -6845 + 12725. What is the thousands digit of j?
5
Let a be ((-8)/(-6))/((-8)/(-12)). Let l(v) = 0*v**2 + 2*v**a + 4 + 0*v**2 - 14*v - 7. What is the units digit of l(11)?
5
Suppose -1175 = 10*r - 3975. Let c = r + 738. What is the tens digit of c?
1
Let y(h) = 10*h**2 + 33*h + 73. What is the tens digit of y(-26)?
7
Suppose 7*t = t + 2*s + 29548, 14794 = 3*t + 4*s. What is the hundreds digit of t?
9
Let i = 382 + -379. Suppose l - 3288 = -3*k + 4*l, i*l + 6 = 0. What is the thousands digit of k?
1
Let b be (-1)/(-2 - -1) + 88 + -11. Let l = 81 - b. Let z(m) = 43*m - 9. What is the units digit of z(l)?
0
Let w(l) = 822*l**3 - 409*l**3 + 681*l**3 - 2 - l + 2*l**2 + 3. What is the tens digit of w(1)?
9
Let o be -3 + (-1)/(3/(-75)). Let f be 5/60*2 + (-77)/(-42). Suppose -f*l + 0 = -o. What is the tens digit of l?
1
Suppose 2*h + 481 = -g, 4*g + 253 = 2*h - 1681. What is the hundreds digit of -6 - (g + (-15)/5)?
4
Let u = 66 - 66. Suppose 3*z - 9 = 0, -185 = -s - 2*z - u*z. Suppose -5*v + 6*v = s. What is the hundreds digit of v?
1
Suppose 366275 = 24*a - 632389. What is the thousands digit of a?
1
Suppose 58 = -h + 52. Let j(t) = -248*t - 249. What is the tens digit of j(h)?
3
Suppose -2*a - 161 = -74*v + 75*v, v + a = -156. Suppose 0 = -0*c + c + 94. Let w = c - v. What is the units digit of w?
7
Suppose 0 = -d - 4*j - j - 475, -2*j = 8. Let y = 1069 + d. What is the tens digit of y?
1
Suppose -5*d = -42 + 67. Let s(v) = 10*v**2 - 5*v + 1. Let b be s(d). Suppose -2*u + 2*j = -4*u + b, 0 = -3*u + 3*j + 426. What is the units digit of u?
0
What is the units digit of (-174)/(-1305) + 1/7 + (-3020763)/(-315)?
0
Suppose -13*v + 45*v = 24*v + 82856. What is the hundreds digit of v?
3
Suppose 6*m - 11155 = 14189. What is the units digit of ((-23)/(-3))/(44/m)?
6
Let h be (-2)/(-4)*(3 - (-6 - -5)). What is the hundreds digit of (320/30)/(h/105)?
5
Suppose 3*y + 14331 = 26*d - 24*d, -7*y - 35 = 0. What is the thousands digit of d?
7
Let u = 18 - 12. Let o be (110/(-66))/((-10)/12). What is the tens digit of 82 - 0 - (u/o)/3?
8
Let o = -313 - -315. Suppose -o*d = 3*x - 1966, -x + 3*d + 2*d = -627. What is the tens digit of x?
5
Let l(z) = -9*z**3 - 7*z**2 + 2. Suppose -6*u = -12*u - 18. What is the hundreds digit of l(u)?
1
Suppose -5*k - 59 = -3*c + 253, k = -3*c + 294. Suppose 0 = 3*z - 2*t - 68 - 59, 0 = z + 4*t - 47. Let y = c - z. What is the tens digit of y?
5
Suppose -874*g = -873*g - 15457 - 45426. What is the thousands digit of g?
0
Suppose -2*u = -j - 40, 5*u + 2*j - 87 = 31. Let w be ((-2)/(-4))/(-2 + 45/u). Suppose d = w*d - 830. What is the units digit of d?
3
Suppose 5*o = 5*c + 10, -o = -0*c - 4*c + 1. Let g be -43*(-1)/c*1. Suppose z - 5*h - g = -0, 0 = -4*h + 12. What is the units digit of z?
8
Suppose 13 + 26 = 13*o. What is the hundreds digit of -1*(-314)/3*o?
3
Let j(q) = 545*q + 1808. What is the thousands digit of j(9)?
6
Let k(s) = 6*s + 43. Let y be k(-6). Suppose -2*m - 955 = 2*h - y*h, 0 = -h - m + 184. What is the units digit of h?
9
Let a(v) = 28*v**2 + 14*v + 40. Let u be a(-3). What is the hundreds digit of (76/5)/((-495)/u + 2)?
7
Suppose 714*g = 715*g - 9157. What is the hundreds digit of g?
1
Let r(i) be the second derivative of 7*i**4/24 + 11*i**3/3 - 2*i**2 - 11*i. Let b(t) be the first derivative of r(t). What is the tens digit of b(10)?
9
Let i(f) = 44*f**3 - f**2 + 18*f - 11. Let b be i(3). Suppose -4*w = -2*t + 1582, w + b = 4*t - 1956. What is the tens digit of t?
9
Let g be 2/4*(138 - 52). Suppose 42*x + 1753 = g*x. What is the thousands digit of x?
1
Let m(w) = w**2 + 10*w + 18. Let n be m(-3). Let i be 2/(-21)*n + 52/14. Suppose -7 = 3*x + i*u - 459, -4*u = 2*x - 300. What is the tens digit of x?
5
Suppose -44*m = -39*m - 35. Suppose 2 + 5 = -m*w. What is the units digit of w/((7/5)/(-7))?
5
Suppose -3*f = -5*r + 229, 2*r - f = -6*f + 73. Let w = r + 66. What is the hundreds digit of w?
1
Let b = -2 + 296. What is the units digit of 3/((-570)/b + 2)?
9
Let z(t) = 8*t**2 + 11*t - 61. Let v = 248 + -240. What is the units digit of z(v)?
9
Suppose -5*f + m = -9460 - 27303, -2*m - 6 = 0. What is the hundreds digit of f?
3
Let f(y) = y**3 + 29*y**2 - y - 21. Let i be f(-29). What is the units digit of (180/i)/(-4*3/(-120))?
5
Let z(w) = 2*w**3 - 24*w**2 + 5*w + 20. Let i be z(12). Suppose 0 = -2*t - 5*p + 247, 0 = t + 4*p - 140 + 12. Let o = t - i. What is the units digit of o?
6
Suppose -2*d = k - 30899, -5*d + 193*k - 197*k + 77237 = 0. What is the thousands digit of d?
5
Suppose -4*p + 22849 - 2285 = 8*g, 0 = 3*g - 6. What is the tens digit of p?
3
Let l = -4 - -8. Let w be l/8 + (-33)/(-6). Suppose c + w = 41. What is the tens digit of c?
3
Let a = -79 + 86. Suppose a*p = -21*p + 12012. What is the tens digit of p?
2
Let p(s) = -7*s**3 + 17*s**2 - 33*s - 93. Let b(h) = 3*h**3 - 9*h**2 + 16*h + 46. Let u(r) = -9*b(r) - 4*p(r). What is the hundreds digit of u(-10)?
3
Let o(a) = 68853*a**3 + 56*a**2 - 68857*a**3 + a + a + 32. What is the units digit of o(13)?
4
Suppose -679 + 78 = -r. Suppose 5*f + r = 6*f. What is the hundreds digit of f?
6
Suppose -l = 0, 12*g - 7*g - 21925 = 2*l. Suppose -5*x + g = 5*j, -5*j + 332 = 2*x - 1413. What is the units digit of x?
0
What is the hundreds digit of (-20)/((-340)/357) - -24037?
0
Suppose 0 = -31*z + 35*z - 48. Suppose -5*l - 13 = 5*u - l, z = -2*u - 5*l. What is the units digit of (45/(-25))/(2/(-230)) + u?
6
Let i = -1488 - -2893. What is the hundreds digit of i?
4
Suppose 36 = k + 2*s, -34 = -k - 0*s - s. Suppose -4*i - 19 = -47. Let u = k - i. What is the tens digit of u?
2
Let w(f) = -f**2 - 7*f + 3. Suppose -15 = 3*p - 2*s, 9 + 6 = -3*p + 3*s. Let b be w(p). Let t(k) = 6*k - 33. What is the tens digit of t(b)?
4
Suppose 4*v = a + 4, 2*v - 20 = -3*v + 5*a. What is the hundreds digit of v - ((-13)/(-26) + 523/(-2))?
2
Suppose 8*t + 292 - 348 = 0. Suppose 4*c - 3*j = 1873, 4*c - 5*j - 1898 = -t*j. What is the tens digit of c?
7
What is the thousands digit of ((-28671)/76)/(2 - (-9)/(-4))?
1
Let g = 9367 - 6434. What is the thousands digit of g?
2
Suppose -2*j + 2*l = -50, -2 + 27 = j - 5*l. Let i = -21 + j. Let o(c) = 7*c**2 - 6*c + 6. What is the units digit of o(i)?
4
Let w(o) = o**2 + 5*o + 4. Let t be w(-5). Suppose r + 148 = t*j, -3*j + 2*r + 122 = 4*r. Suppose -j*q = -33*q - 390. What is the tens digit of q?
7
What is the hundreds digit of 9153 + (99/(-18) - -4) - (-15)/(-6)?
1
Let i(b) = -b**3 + 4*b**2 + 10*b + 1. Let v be i(7). Let j = -70 - v. Suppose -h + j = 4*x - 115, 4 = x. What is the units digit of h?
5
Let s(z) = 5*z**3 + 8*z**2 + 5*z + 11. Let w(t) = -6*t**3 - 9*t**2 - 4*t - 10. Let f(x) = -7*s(x) - 6*w(x). What is the tens digit of f(7)?
5
Let z(i) = -23302*i**3 + 4*i**2 - i - 3. What is the units digit of z(-1)?
4
Suppose 101*f + 4*q = 96*f + 5062, -3*f - 2*q + 3038 = 0. What is the units digit of f?
4
What is the tens digit of 1 + (-10514)/(-2) + -14 + 8?
5
Suppose -141*f + 751111 = -1015760. What is the tens digit of f?
3
Let d = 7 + -4. Suppose 4*n = d*h + 62, -2 + 24 = -3*h - 4*n. Let t(g) = -g**3 - 13*g**2 + 8*g + 5. What is the tens digit of t(h)?
8
Suppose -5*d + 105 = -3*b, 0 = d + 3*d + 5*b - 84. Suppose 15*i - d*i + 2058 = 0. What is the units digit of i?
3
Let i be (3*(-1)/3)/1. Let q(k) = -63*k**3 - k. Let l be q(i). What is the units digit of (-2)/(2 - l/28)?
7
Suppose 1725 = 6*p - 11709. Let z = p + -1437. Suppose -z + 191 = -13*g. What is the units digit of g?
7
Suppose 2*v - 2928 = -2*g, -2*v - 3*g = -4*v + 2948. What is the hundreds digit of v?
4
Suppose 3*q + d = 6 + 1, -17 = -3*q + d. Suppose q*r = 8*r + 600. Let h = r + 283. What is the units digit of h?
3
Suppose 0 = 16*b + 9 + 55. Let k be 0/(-1 - b - 4). Let p(t) = -t + 174. What is the hundreds digit of p(k)?
1
Suppose 19*s = -46646 + 221598. What is the thousands digit of s?
9
Le